{"id":98,"date":"2012-03-13T13:59:11","date_gmt":"2012-03-13T12:59:11","guid":{"rendered":"http:\/\/www.fpb-nahe-hunsrueck.de\/?page_id=98"},"modified":"2014-03-16T11:12:59","modified_gmt":"2014-03-16T10:12:59","slug":"impressum","status":"publish","type":"page","link":"http:\/\/www.fpb-nahe-hunsrueck.de\/?page_id=98","title":{"rendered":"Impressum"},"content":{"rendered":"<p align=\"LEFT\"><span style=\"color: #000000;\"><span style=\"font-family: Verdana, serif;\"><span style=\"font-size: medium;\">Dienstanbieter der Internetpr\u00e4senz www.<\/span><\/span><\/span><span style=\"color: #000000;\"><span style=\"font-family: Verdana, serif;\"><span style=\"font-size: medium;\">fpb-nahe-hunsrueck<\/span><\/span><\/span><span style=\"color: #000000;\"><span style=\"font-family: Verdana, serif;\"><span style=\"font-size: medium;\">.de ist\u00a0<\/span><\/span><\/span><span style=\"color: #000000;\"><span style=\"font-family: Verdana, serif;\"><span style=\"font-size: medium;\">das Forum politische Bildung Nahe-Hunsr\u00fcck e.V.<\/span><\/span><\/span><span style=\"color: #000000;\"><span style=\"font-family: Verdana, serif;\"><span style=\"font-size: medium;\">\u2028\u2028\u2028 <\/span><\/span><\/span><\/p>\n<p align=\"LEFT\"><span style=\"color: #000000;\"><span style=\"font-family: Verdana, serif;\"><span style=\"font-size: medium;\">Nachfolgend die Pflichtangaben gem\u00e4\u00df dem Rundfunkstaatsvertrag (RstV) und dem Telemediengesetz (TMG):\u2028<\/span><\/span><\/span><\/p>\n<p align=\"LEFT\"><span style=\"color: #000000;\">\u2028\u2028<\/span><span style=\"color: #000000;\"><span style=\"font-family: Verdana, serif;\"><span style=\"font-size: medium;\">Forum politische Bildung Nahe-Hunsr\u00fcck e.V.<br \/>\n<\/span><\/span><\/span><span style=\"color: #000000;\"><span style=\"font-family: Verdana, serif;\"><span style=\"font-size: medium;\">Vorsitzender\u2028:<\/span><\/span><\/span><br \/>\n<span style=\"color: #000000;\"><span style=\"font-family: Verdana, serif;\"><span style=\"font-size: medium;\">Dr. Denis Alt<br \/>\n<\/span><\/span><\/span><span style=\"color: #000000;\"><span style=\"font-family: Verdana, serif;\"><span style=\"font-size: medium;\">Beindestr. 1<br \/>\n<\/span><\/span><\/span><span style=\"color: #000000;\"><span style=\"font-family: Verdana, serif;\"><span style=\"font-size: medium;\">55569 Monzingen<\/span><\/span><\/span><\/p>\n<p align=\"LEFT\"><span style=\"color: #000000;\"><span style=\"font-family: Verdana, serif;\"><span style=\"font-size: medium;\">Telefon: +49 67<\/span><\/span><\/span><span style=\"color: #000000;\"><span style=\"font-family: Verdana, serif;\"><span style=\"font-size: medium;\">5<\/span><\/span><\/span><span style=\"color: #000000;\"><span style=\"font-family: Verdana, serif;\"><span style=\"font-size: medium;\">1 <\/span><\/span><\/span><span style=\"color: #000000;\"><span style=\"font-family: Verdana, serif;\"><span style=\"font-size: medium;\">853543<br \/>\n<\/span><\/span><\/span><span style=\"color: #000000;\"><span style=\"font-family: Verdana, serif;\"><span style=\"font-size: medium;\">\u2028Email: <\/span><\/span><\/span><span style=\"color: #000000;\"><span style=\"font-family: Verdana, serif;\"><span style=\"font-size: medium;\">denis.alt<\/span><\/span><\/span><span style=\"color: #000000;\"><span style=\"font-family: Verdana, serif;\"><span style=\"font-size: medium;\">(at)<\/span><\/span><\/span><span style=\"color: #000000;\"><span style=\"font-family: Verdana, serif;\"><span style=\"font-size: medium;\">fpb-nahe-hunsrueck.de<\/span><\/span><\/span><\/p>\n<p align=\"LEFT\"><span style=\"color: #000000;\"><span style=\"font-family: Verdana, serif;\"><span style=\"font-size: medium;\">\u2028\u2028\u2028\u2028Redaktionell Verantwortlicher gem\u00e4\u00df \u00a7 55 Abs. 2 RStV:\u2028\u2028<\/span><\/span><\/span><\/p>\n<p align=\"LEFT\"><span style=\"color: #000000;\"><span style=\"font-family: Verdana, serif;\"><span style=\"font-size: medium;\">Forum politische Bildung Nahe-Hunsr\u00fcck e.V.<\/span><\/span><\/span><span style=\"color: #000000;\"><span style=\"font-family: Verdana, serif;\"><span style=\"font-size: medium;\"><br \/>\n<\/span><\/span><\/span><span style=\"color: #000000;\"><span style=\"font-family: Verdana, serif;\"><span style=\"font-size: medium;\">Gesch\u00e4ftsf\u00fchrer:<br \/>\n<\/span><\/span><\/span><span style=\"color: #000000;\">\u2028<\/span><span style=\"color: #000000;\"><span style=\"font-family: Verdana, sans-serif;\"><span style=\"font-size: medium;\">Holger M<\/span><\/span><\/span><span style=\"color: #000000;\"><span style=\"font-family: Verdana, sans-serif;\"><span style=\"font-size: medium;\">\u00fcller<\/span><\/span><\/span><span style=\"color: #343434;\"><span style=\"font-family: Verdana, sans-serif;\"><span style=\"font-size: medium;\"><br \/>\n<\/span><\/span><\/span><span style=\"font-family: Verdana, sans-serif;\"><span style=\"color: #000000;\"><span style=\"font-size: medium;\">Friedrich-August-Stra\u00dfe 21a<br \/>\n<\/span><\/span><\/span><span style=\"color: #343434;\">\u2028<\/span><span style=\"color: #000000;\"><span style=\"font-family: Verdana, sans-serif;\"><span style=\"font-size: medium;\">55765 Birkenfeld<\/span><\/span><\/span><span style=\"color: #343434;\"><span style=\"font-family: Georgia, serif;\"><span style=\"font-size: medium;\">\u2028\u2028<\/span><\/span><\/span><\/p>\n<p align=\"LEFT\"><span style=\"color: #000000;\">\u2028\u2028\u2028<\/span><span style=\"color: #000000;\"><span style=\"font-family: Verdana, serif;\"><span style=\"font-size: medium;\"><b>Hinweistext zum Haftungsausschluss und Urheberrechten:<\/b><\/span><\/span><\/span><span style=\"color: #000000;\"><span style=\"font-family: Verdana, serif;\"><span style=\"font-size: medium;\">\u2028\u2028<\/span><\/span><\/span><\/p>\n<p align=\"LEFT\"><span style=\"color: #000000;\"><span style=\"font-family: Verdana, serif;\"><span style=\"font-size: medium;\">Es kann keine Garantie f\u00fcr die Aktualit\u00e4t und Richtigkeit der bereitgestellte<\/span><\/span><\/span><span style=\"color: #000000;\"><span style=\"font-family: Verdana, serif;\"><span style=\"font-size: medium;\">n<\/span><\/span><\/span><span style=\"color: #000000;\"><span style=\"font-family: Verdana, serif;\"><span style=\"font-size: medium;\"> Daten \u00fcbernommen werden. Wir \u00fcbernehmen f\u00fcr die bereitgestellten Informationen folglich keine Haftung. Wenn Sie zur Richtigkeit und Vollst\u00e4ndigkeit der dargestellten Daten Fragen haben, nehmen Sie mit uns Kontakt auf.\u2028\u2028<\/span><\/span><\/span><\/p>\n<p align=\"LEFT\"><span style=\"color: #000000;\"><span style=\"font-family: Verdana, serif;\"><span style=\"font-size: medium;\">Weiterhin behalten wir uns das Recht vor, Daten jederzeit durch Aktualisierung der Internetseite zu ver\u00e4ndern oder zu entfernen. Wir garantieren keine dauerhafte Verf\u00fcgbarkeit von Daten.\u2028\u2028<\/span><\/span><\/span><\/p>\n<p align=\"LEFT\"><span style=\"color: #000000;\"><span style=\"font-family: Verdana, serif;\"><span style=\"font-size: medium;\">Zus\u00e4tzlich \u00fcbernehmen wir keine Haftung f\u00fcr Internetseiten Dritter, die man mit einem \u201ehyperlink\u201c erreichen kann. Diese Seiten werden von Dritten betrieben, auf die wir keinerlei Einfluss haben. Die Haftung f\u00fcr dortige Daten und Handlungen liegt ausschlie\u00dflich bei den Betreibern dieser Internetseiten.\u2028\u2028<\/span><\/span><\/span><\/p>\n<p align=\"LEFT\"><span style=\"color: #000000;\"><span style=\"font-family: Verdana, serif;\"><span style=\"font-size: medium;\">Die auf dieser Seite eingestellten Bilder sind nach dem deutschen Urheberrecht gesch\u00fctzt. Eine andere Verwendung als zur Darstellung von Informationen auf dieser Seite ist nicht gestattet. \u2028\u2028Sofern Dritte Bilder von dieser Seite verwenden wollen, ist dies nur nach Anfrage beim <\/span><\/span><\/span><span style=\"color: #000000;\"><span style=\"font-family: Verdana, serif;\"><span style=\"font-size: medium;\">Vorsitzenden des Forums politische Bildung Nahe-Hunsr\u00fcck <\/span><\/span><\/span><span style=\"color: #000000;\"><span style=\"font-family: Verdana, serif;\"><span style=\"font-size: medium;\"> und mit dessen Einwilligung m\u00f6glich.\u00a0<\/span><\/span><\/span><span style=\"color: #000000;\"><span style=\"font-family: Verdana, serif;\"><span style=\"font-size: medium;\">Ausnahmen gelten f\u00fcr Bilder die d<\/span><\/span><\/span><span style=\"color: #000000;\"><span style=\"font-family: Verdana, serif;\"><span style=\"font-size: medium;\">as Forum politische Bildung Nahe-Hunsr\u00fcck <\/span><\/span><\/span><span style=\"color: #000000;\"><span style=\"font-family: Verdana, serif;\"><span style=\"font-size: medium;\">im Rahmen seiner Presse- und \u00d6ffentlichkeitsarbeit Druck-, Rundfunk- und Telemedien zukommen l\u00e4sst. Sie d\u00fcrfen von diesen in ihrem Medium verwendet werden, auch wenn sie sich zeitgleich auf dieser Internetseite befinden.<\/span><\/span><\/span><\/p>\n<p align=\"LEFT\"><span style=\"color: #000000;\"><span style=\"font-family: Verdana, serif;\"><span style=\"font-size: medium;\">Weiterhin sind die auf dieser Internetseite befindlichen Grafiken und Texte nach dem deutschen Urheberrecht gesch\u00fctzt und d\u00fcrfen ebenfalls nicht ohne Einwilligung der Rechteinhaber durch Dritte verwendet werden.\u2028\u2028 Ausnahmen gelten f\u00fcr Texte und Grafiken, die <\/span><\/span><\/span><span style=\"color: #000000;\"><span style=\"font-family: Verdana, serif;\"><span style=\"font-size: medium;\">das Forum politische Bildung Nahe-Hunsr\u00fcck<\/span><\/span><\/span><span style=\"color: #000000;\"><span style=\"font-family: Verdana, serif;\"><span style=\"font-size: medium;\"> im Rahmen seiner Presse- und \u00d6ffentlichkeitsarbeit Druck-, Rundfunk- und Telemedien zukommen l\u00e4sst. Sie d\u00fcrfen von diesen in ihrem Medium verwendet werden, auch wenn sie sich zeitgleich auf dieser Internetseite befinden.\u2028\u2028<\/span><\/span><\/span><\/p>\n<p align=\"LEFT\"><span style=\"color: #000000;\"><span style=\"font-family: Verdana, serif;\"><span style=\"font-size: medium;\">D<\/span><\/span><\/span><span style=\"color: #000000;\"><span style=\"font-family: Verdana, serif;\"><span style=\"font-size: medium;\">ie<\/span><\/span><\/span><span style=\"color: #000000;\"><span style=\"font-family: Verdana, serif;\"><span style=\"font-size: medium;\"> Nutzung von Kontaktdaten, die wir auf dieser Internetseite ver\u00f6ffentlicht haben, zur Versendung von kommerzieller Werbung wird hiermit ausdr\u00fccklich untersagt.<\/span><\/span><\/span><\/p>\n<p align=\"LEFT\"><span style=\"color: #000000;\"><span style=\"font-family: Verdana, serif;\"><span style=\"font-size: medium;\">\u2028\u2028Sofern Unklarheiten \u00fcber ein Nutzungsrecht besteht, nehmen Sie mit uns Kontakt auf. Gleiches gilt f\u00fcr Fragen zur konkreten Urheberschaft eines Bildes, einer Grafik oder eines Textes.\u2028<\/span><\/span><\/span><\/p>\n<p align=\"LEFT\"><span style=\"color: #000000; font-size: small;\"><span class=\"Apple-style-span\" style=\"line-height: 19px;\"><b>\u00a0<\/b><\/span><\/span><\/p>\n","protected":false},"excerpt":{"rendered":"<p>Dienstanbieter der Internetpr\u00e4senz www.fpb-nahe-hunsrueck.de ist\u00a0das Forum politische Bildung Nahe-Hunsr\u00fcck e.V.\u2028\u2028\u2028 Nachfolgend die Pflichtangaben gem\u00e4\u00df dem Rundfunkstaatsvertrag (RstV) und dem Telemediengesetz (TMG):\u2028 \u2028\u2028Forum politische Bildung Nahe-Hunsr\u00fcck e.V. Vorsitzender\u2028: Dr. Denis Alt Beindestr. 1 55569 Monzingen Telefon: +49 6751 853543 \u2028Email: denis.alt(at)fpb-nahe-hunsrueck.de \u2028\u2028\u2028\u2028Redaktionell Verantwortlicher gem\u00e4\u00df \u00a7 55 Abs. 2 RStV:\u2028\u2028 Forum politische Bildung Nahe-Hunsr\u00fcck e.V. Gesch\u00e4ftsf\u00fchrer: \u2028Holger [&hellip;]<\/p>\n","protected":false},"author":1,"featured_media":0,"parent":0,"menu_order":10,"comment_status":"closed","ping_status":"closed","template":"","meta":[],"_links":{"self":[{"href":"http:\/\/www.fpb-nahe-hunsrueck.de\/index.php?rest_route=\/wp\/v2\/pages\/98"}],"collection":[{"href":"http:\/\/www.fpb-nahe-hunsrueck.de\/index.php?rest_route=\/wp\/v2\/pages"}],"about":[{"href":"http:\/\/www.fpb-nahe-hunsrueck.de\/index.php?rest_route=\/wp\/v2\/types\/page"}],"author":[{"embeddable":true,"href":"http:\/\/www.fpb-nahe-hunsrueck.de\/index.php?rest_route=\/wp\/v2\/users\/1"}],"replies":[{"embeddable":true,"href":"http:\/\/www.fpb-nahe-hunsrueck.de\/index.php?rest_route=%2Fwp%2Fv2%2Fcomments&post=98"}],"version-history":[{"count":7,"href":"http:\/\/www.fpb-nahe-hunsrueck.de\/index.php?rest_route=\/wp\/v2\/pages\/98\/revisions"}],"predecessor-version":[{"id":315,"href":"http:\/\/www.fpb-nahe-hunsrueck.de\/index.php?rest_route=\/wp\/v2\/pages\/98\/revisions\/315"}],"wp:attachment":[{"href":"http:\/\/www.fpb-nahe-hunsrueck.de\/index.php?rest_route=%2Fwp%2Fv2%2Fmedia&parent=98"}],"curies":[{"name":"wp","href":"https:\/\/api.w.org\/{rel}","templated":true}]}}

<p align="LEFT"><span style="color: #000000;"><span style="font-family: Verdana, serif;"><span style="font-size: medium;">Dienstanbieter der Internetpräsenz www.</span></span></span><span style="color: #000000;"><span style="font-family: Verdana, serif;"><span style="font-size: medium;">fpb-nahe-hunsrueck</span></span></span><span style="color: #000000;"><span style="font-family: Verdana, serif;"><span style="font-size: medium;">.de ist </span></span></span><span style="color: #000000;"><span style="font-family: Verdana, serif;"><span style="font-size: medium;">das Forum politische Bildung Nahe-Hunsrück e.V.</span></span></span><span style="color: #000000;"><span style="font-family: Verdana, serif;"><span style="font-size: medium;">    </span></span></span></p>
<p align="LEFT"><span style="color: #000000;"><span style="font-family: Verdana, serif;"><span style="font-size: medium;">Nachfolgend die Pflichtangaben gemäß dem Rundfunkstaatsvertrag (RstV) und dem Telemediengesetz (TMG): </span></span></span></p>
<p align="LEFT"><span style="color: #000000;">  </span><span style="color: #000000;"><span style="font-family: Verdana, serif;"><span style="font-size: medium;">Forum politische Bildung Nahe-Hunsrück e.V.<br />
</span></span></span><span style="color: #000000;"><span style="font-family: Verdana, serif;"><span style="font-size: medium;">Vorsitzender :</span></span></span><br />
<span style="color: #000000;"><span style="font-family: Verdana, serif;"><span style="font-size: medium;">Dr. Denis Alt<br />
</span></span></span><span style="color: #000000;"><span style="font-family: Verdana, serif;"><span style="font-size: medium;">Beindestr. 1<br />
</span></span></span><span style="color: #000000;"><span style="font-family: Verdana, serif;"><span style="font-size: medium;">55569 Monzingen</span></span></span></p>
<p align="LEFT"><span style="color: #000000;"><span style="font-family: Verdana, serif;"><span style="font-size: medium;">Telefon: +49 67</span></span></span><span style="color: #000000;"><span style="font-family: Verdana, serif;"><span style="font-size: medium;">5</span></span></span><span style="color: #000000;"><span style="font-family: Verdana, serif;"><span style="font-size: medium;">1 </span></span></span><span style="color: #000000;"><span style="font-family: Verdana, serif;"><span style="font-size: medium;">853543<br />
</span></span></span><span style="color: #000000;"><span style="font-family: Verdana, serif;"><span style="font-size: medium;"> Email: </span></span></span><span style="color: #000000;"><span style="font-family: Verdana, serif;"><span style="font-size: medium;">denis.alt</span></span></span><span style="color: #000000;"><span style="font-family: Verdana, serif;"><span style="font-size: medium;">(at)</span></span></span><span style="color: #000000;"><span style="font-family: Verdana, serif;"><span style="font-size: medium;">fpb-nahe-hunsrueck.de</span></span></span></p>
<p align="LEFT"><span style="color: #000000;"><span style="font-family: Verdana, serif;"><span style="font-size: medium;">    Redaktionell Verantwortlicher gemäß § 55 Abs. 2 RStV:  </span></span></span></p>
<p align="LEFT"><span style="color: #000000;"><span style="font-family: Verdana, serif;"><span style="font-size: medium;">Forum politische Bildung Nahe-Hunsrück e.V.</span></span></span><span style="color: #000000;"><span style="font-family: Verdana, serif;"><span style="font-size: medium;"><br />
</span></span></span><span style="color: #000000;"><span style="font-family: Verdana, serif;"><span style="font-size: medium;">Geschäftsführer:<br />
</span></span></span><span style="color: #000000;"> </span><span style="color: #000000;"><span style="font-family: Verdana, sans-serif;"><span style="font-size: medium;">Holger M</span></span></span><span style="color: #000000;"><span style="font-family: Verdana, sans-serif;"><span style="font-size: medium;">üller</span></span></span><span style="color: #343434;"><span style="font-family: Verdana, sans-serif;"><span style="font-size: medium;"><br />
</span></span></span><span style="font-family: Verdana, sans-serif;"><span style="color: #000000;"><span style="font-size: medium;">Friedrich-August-Straße 21a<br />
</span></span></span><span style="color: #343434;"> </span><span style="color: #000000;"><span style="font-family: Verdana, sans-serif;"><span style="font-size: medium;">55765 Birkenfeld</span></span></span><span style="color: #343434;"><span style="font-family: Georgia, serif;"><span style="font-size: medium;">  </span></span></span></p>
<p align="LEFT"><span style="color: #000000;">   </span><span style="color: #000000;"><span style="font-family: Verdana, serif;"><span style="font-size: medium;"><b>Hinweistext zum Haftungsausschluss und Urheberrechten:</b></span></span></span><span style="color: #000000;"><span style="font-family: Verdana, serif;"><span style="font-size: medium;">  </span></span></span></p>
<p align="LEFT"><span style="color: #000000;"><span style="font-family: Verdana, serif;"><span style="font-size: medium;">Es kann keine Garantie für die Aktualität und Richtigkeit der bereitgestellte</span></span></span><span style="color: #000000;"><span style="font-family: Verdana, serif;"><span style="font-size: medium;">n</span></span></span><span style="color: #000000;"><span style="font-family: Verdana, serif;"><span style="font-size: medium;"> Daten übernommen werden. Wir übernehmen für die bereitgestellten Informationen folglich keine Haftung. Wenn Sie zur Richtigkeit und Vollständigkeit der dargestellten Daten Fragen haben, nehmen Sie mit uns Kontakt auf.  </span></span></span></p>
<p align="LEFT"><span style="color: #000000;"><span style="font-family: Verdana, serif;"><span style="font-size: medium;">Weiterhin behalten wir uns das Recht vor, Daten jederzeit durch Aktualisierung der Internetseite zu verändern oder zu entfernen. Wir garantieren keine dauerhafte Verfügbarkeit von Daten.  </span></span></span></p>
<p align="LEFT"><span style="color: #000000;"><span style="font-family: Verdana, serif;"><span style="font-size: medium;">Zusätzlich übernehmen wir keine Haftung für Internetseiten Dritter, die man mit einem „hyperlink“ erreichen kann. Diese Seiten werden von Dritten betrieben, auf die wir keinerlei Einfluss haben. Die Haftung für dortige Daten und Handlungen liegt ausschließlich bei den Betreibern dieser Internetseiten.  </span></span></span></p>
<p align="LEFT"><span style="color: #000000;"><span style="font-family: Verdana, serif;"><span style="font-size: medium;">Die auf dieser Seite eingestellten Bilder sind nach dem deutschen Urheberrecht geschützt. Eine andere Verwendung als zur Darstellung von Informationen auf dieser Seite ist nicht gestattet.   Sofern Dritte Bilder von dieser Seite verwenden wollen, ist dies nur nach Anfrage beim </span></span></span><span style="color: #000000;"><span style="font-family: Verdana, serif;"><span style="font-size: medium;">Vorsitzenden des Forums politische Bildung Nahe-Hunsrück </span></span></span><span style="color: #000000;"><span style="font-family: Verdana, serif;"><span style="font-size: medium;"> und mit dessen Einwilligung möglich. </span></span></span><span style="color: #000000;"><span style="font-family: Verdana, serif;"><span style="font-size: medium;">Ausnahmen gelten für Bilder die d</span></span></span><span style="color: #000000;"><span style="font-family: Verdana, serif;"><span style="font-size: medium;">as Forum politische Bildung Nahe-Hunsrück </span></span></span><span style="color: #000000;"><span style="font-family: Verdana, serif;"><span style="font-size: medium;">im Rahmen seiner Presse- und Öffentlichkeitsarbeit Druck-, Rundfunk- und Telemedien zukommen lässt. Sie dürfen von diesen in ihrem Medium verwendet werden, auch wenn sie sich zeitgleich auf dieser Internetseite befinden.</span></span></span></p>
<p align="LEFT"><span style="color: #000000;"><span style="font-family: Verdana, serif;"><span style="font-size: medium;">Weiterhin sind die auf dieser Internetseite befindlichen Grafiken und Texte nach dem deutschen Urheberrecht geschützt und dürfen ebenfalls nicht ohne Einwilligung der Rechteinhaber durch Dritte verwendet werden.   Ausnahmen gelten für Texte und Grafiken, die </span></span></span><span style="color: #000000;"><span style="font-family: Verdana, serif;"><span style="font-size: medium;">das Forum politische Bildung Nahe-Hunsrück</span></span></span><span style="color: #000000;"><span style="font-family: Verdana, serif;"><span style="font-size: medium;"> im Rahmen seiner Presse- und Öffentlichkeitsarbeit Druck-, Rundfunk- und Telemedien zukommen lässt. Sie dürfen von diesen in ihrem Medium verwendet werden, auch wenn sie sich zeitgleich auf dieser Internetseite befinden.  </span></span></span></p>
<p align="LEFT"><span style="color: #000000;"><span style="font-family: Verdana, serif;"><span style="font-size: medium;">D</span></span></span><span style="color: #000000;"><span style="font-family: Verdana, serif;"><span style="font-size: medium;">ie</span></span></span><span style="color: #000000;"><span style="font-family: Verdana, serif;"><span style="font-size: medium;"> Nutzung von Kontaktdaten, die wir auf dieser Internetseite veröffentlicht haben, zur Versendung von kommerzieller Werbung wird hiermit ausdrücklich untersagt.</span></span></span></p>
<p align="LEFT"><span style="color: #000000;"><span style="font-family: Verdana, serif;"><span style="font-size: medium;">  Sofern Unklarheiten über ein Nutzungsrecht besteht, nehmen Sie mit uns Kontakt auf. Gleiches gilt für Fragen zur konkreten Urheberschaft eines Bildes, einer Grafik oder eines Textes. </span></span></span></p>
<p align="LEFT"><span style="color: #000000; font-size: small;"><span class="Apple-style-span" style="line-height: 19px;"><b> </b></span></span></p>

<p>Dienstanbieter der Internetpräsenz www.fpb-nahe-hunsrueck.de ist das Forum politische Bildung Nahe-Hunsrück e.V.    Nachfolgend die Pflichtangaben gemäß dem Rundfunkstaatsvertrag (RstV) und dem Telemediengesetz (TMG):    Forum politische Bildung Nahe-Hunsrück e.V. Vorsitzender : Dr. Denis Alt Beindestr. 1 55569 Monzingen Telefon: +49 6751 853543  Email: denis.alt(at)fpb-nahe-hunsrueck.de     Redaktionell Verantwortlicher gemäß § 55 Abs. 2 RStV:   Forum politische Bildung Nahe-Hunsrück e.V. Geschäftsführer:  Holger [&hellip;]</p>
