{"id":5,"date":"2012-03-13T10:41:52","date_gmt":"2012-03-13T10:41:52","guid":{"rendered":"http:\/\/www.fpb-nahe-hunsrueck.de\/?page_id=5"},"modified":"2026-01-02T11:02:19","modified_gmt":"2026-01-02T10:02:19","slug":"willkommen","status":"publish","type":"page","link":"http:\/\/www.fpb-nahe-hunsrueck.de\/","title":{"rendered":"Willkommen"},"content":{"rendered":"<p style=\"text-align: justify;\" align=\"LEFT\">Sehr geehrte Damen und Herren,<a href=\"http:\/\/www.fpb-nahe-hunsrueck.de\/wp-content\/uploads\/2026\/01\/alt_denis_dr_PRESSE_001-scaled.jpg\"><img loading=\"lazy\" class=\"size-medium wp-image-435 alignright\" src=\"http:\/\/www.fpb-nahe-hunsrueck.de\/wp-content\/uploads\/2026\/01\/alt_denis_dr_PRESSE_001-300x200.jpg\" alt=\"\" width=\"300\" height=\"200\" srcset=\"http:\/\/www.fpb-nahe-hunsrueck.de\/wp-content\/uploads\/2026\/01\/alt_denis_dr_PRESSE_001-300x200.jpg 300w, http:\/\/www.fpb-nahe-hunsrueck.de\/wp-content\/uploads\/2026\/01\/alt_denis_dr_PRESSE_001-1024x683.jpg 1024w, http:\/\/www.fpb-nahe-hunsrueck.de\/wp-content\/uploads\/2026\/01\/alt_denis_dr_PRESSE_001-768x512.jpg 768w, http:\/\/www.fpb-nahe-hunsrueck.de\/wp-content\/uploads\/2026\/01\/alt_denis_dr_PRESSE_001-1536x1024.jpg 1536w, http:\/\/www.fpb-nahe-hunsrueck.de\/wp-content\/uploads\/2026\/01\/alt_denis_dr_PRESSE_001-2048x1366.jpg 2048w\" sizes=\"(max-width: 300px) 100vw, 300px\" \/><\/a><\/p>\n<p style=\"text-align: justify;\" align=\"LEFT\">ich freue mich sehr dar\u00fcber, dass Sie sich \u00fcber die Arbeit des Forums Politische Bildung Nahe-Hunsr\u00fcck informieren m\u00f6chten, und\u00a0begr\u00fc\u00dfe Sie herzlich auf unserer Internetpr\u00e4senz.<\/p>\n<p style=\"text-align: justify;\" align=\"LEFT\">Das Forum ist ein parteipolitisch unabh\u00e4ngiger Verein, der sich die F\u00f6rderung der Erwachsenenbildung durch Vermittlung von Kenntnissen auf allen Wissensebenen in der Nahe-Hunsr\u00fcck-Region zum Ziel gesetzt hat. Dieses Ziel verfolgt das Forum insbesondere durch Kurse, Seminare, \u00f6ffentliche Vortr\u00e4ge, Exkursionen und andere Veranstaltungsformen sowie durch Ver\u00f6ffentlichung und Verbreitung geeigneter Medien.<\/p>\n<p style=\"text-align: justify;\" align=\"LEFT\">Ich w\u00fcrde mich sehr dar\u00fcber freuen, Sie auf einer unserer Veranstaltungen begr\u00fc\u00dfen zu k\u00f6nnen. Die aktuellen Angebote werden in der Rubrik <strong>\u201eSeminare und Termine\u201c<\/strong> bekannt gegeben.<\/p>\n<p style=\"text-align: justify;\" align=\"LEFT\">\u2028\u2028Mit freundlichen Gr\u00fc\u00dfen<\/p>\n<p style=\"text-align: justify;\" align=\"LEFT\">Ihr<br \/>\nDr. Denis Alt<br \/>\nVorsitzender des Forums Politische Bildung Nahe-Hunsr\u00fcck e. V.<\/p>\n","protected":false},"excerpt":{"rendered":"<p>Sehr geehrte Damen und Herren, ich freue mich sehr dar\u00fcber, dass Sie sich \u00fcber die Arbeit des Forums Politische Bildung Nahe-Hunsr\u00fcck informieren m\u00f6chten, und\u00a0begr\u00fc\u00dfe Sie herzlich auf unserer Internetpr\u00e4senz. Das Forum ist ein parteipolitisch unabh\u00e4ngiger Verein, der sich die F\u00f6rderung der Erwachsenenbildung durch Vermittlung von Kenntnissen auf allen Wissensebenen in der Nahe-Hunsr\u00fcck-Region zum Ziel gesetzt [&hellip;]<\/p>\n","protected":false},"author":1,"featured_media":435,"parent":0,"menu_order":0,"comment_status":"closed","ping_status":"closed","template":"","meta":[],"_links":{"self":[{"href":"http:\/\/www.fpb-nahe-hunsrueck.de\/index.php?rest_route=\/wp\/v2\/pages\/5"}],"collection":[{"href":"http:\/\/www.fpb-nahe-hunsrueck.de\/index.php?rest_route=\/wp\/v2\/pages"}],"about":[{"href":"http:\/\/www.fpb-nahe-hunsrueck.de\/index.php?rest_route=\/wp\/v2\/types\/page"}],"author":[{"embeddable":true,"href":"http:\/\/www.fpb-nahe-hunsrueck.de\/index.php?rest_route=\/wp\/v2\/users\/1"}],"replies":[{"embeddable":true,"href":"http:\/\/www.fpb-nahe-hunsrueck.de\/index.php?rest_route=%2Fwp%2Fv2%2Fcomments&post=5"}],"version-history":[{"count":18,"href":"http:\/\/www.fpb-nahe-hunsrueck.de\/index.php?rest_route=\/wp\/v2\/pages\/5\/revisions"}],"predecessor-version":[{"id":439,"href":"http:\/\/www.fpb-nahe-hunsrueck.de\/index.php?rest_route=\/wp\/v2\/pages\/5\/revisions\/439"}],"wp:featuredmedia":[{"embeddable":true,"href":"http:\/\/www.fpb-nahe-hunsrueck.de\/index.php?rest_route=\/wp\/v2\/media\/435"}],"wp:attachment":[{"href":"http:\/\/www.fpb-nahe-hunsrueck.de\/index.php?rest_route=%2Fwp%2Fv2%2Fmedia&parent=5"}],"curies":[{"name":"wp","href":"https:\/\/api.w.org\/{rel}","templated":true}]}}