{"id":164,"date":"2012-03-15T11:21:57","date_gmt":"2012-03-15T10:21:57","guid":{"rendered":"http:\/\/www.fpb-nahe-hunsrueck.de\/?page_id=164"},"modified":"2012-03-15T12:24:15","modified_gmt":"2012-03-15T11:24:15","slug":"presse-2","status":"publish","type":"page","link":"http:\/\/www.fpb-nahe-hunsrueck.de\/?page_id=164","title":{"rendered":"Presse"},"content":{"rendered":"<h2>2007<\/h2>\n<p><a title=\"Forum Politische Bildung Nahe-Hunsr\u00fcck leistet aktive politische Bildungsarbeit\" href=\"http:\/\/www.fpb-nahe-hunsrueck.de\/?p=61\">Forum Politische Bildung Nahe-Hunsr\u00fcck leistet aktive politische Bildungsarbeit <em>(<em>Pressemitteilung vom 21.12.2007\u2028\u2028, Bad Kreuznach)<\/em><\/em><\/a><\/p>\n<p><a title=\"F\u00fcr alle Parteien \u2013 Neuer Verein m\u00f6chte politische Bildung f\u00f6rdern\" href=\"http:\/\/www.fpb-nahe-hunsrueck.de\/?p=88\">F\u00fcr alle Parteien &#8211; Neuer Verein m\u00f6chte politische Bildung f\u00f6rdern <em>(Nahe-Zeitung, 07. September 2007)<\/em><\/a><\/p>\n<h2>2006<\/h2>\n<p><a title=\"Neues Forum will \u00fcberparteilich sein\" href=\"http:\/\/www.fpb-nahe-hunsrueck.de\/?p=95\">Neues Forum will \u00fcberparteilich sein <em>(Nahe Zeitung vom 24.11.2006)<\/em><\/a><\/p>\n<p><a title=\"\u2028\u201dForum\u201d will politische Bildung in der Region f\u00f6rdern \u2013 Denis Alt zum Vorsitzenden gew\u00e4hlt\" href=\"http:\/\/www.fpb-nahe-hunsrueck.de\/?p=91\">&#8222;Forum&#8220; will politische Bildung in der Region f\u00f6rdern &#8211; Denis Alt zum Vorsitzenden gew\u00e4hlt <em>(Mittelmosel-Kurier vom 19.10.06)<\/em><\/a><\/p>\n<p>&nbsp;<\/p>\n<p>&nbsp;<\/p>\n","protected":false},"excerpt":{"rendered":"<p>2007 Forum Politische Bildung Nahe-Hunsr\u00fcck leistet aktive politische Bildungsarbeit (Pressemitteilung vom 21.12.2007\u2028\u2028, Bad Kreuznach) F\u00fcr alle Parteien &#8211; Neuer Verein m\u00f6chte politische Bildung f\u00f6rdern (Nahe-Zeitung, 07. September 2007) 2006 Neues Forum will \u00fcberparteilich sein (Nahe Zeitung vom 24.11.2006) &#8222;Forum&#8220; will politische Bildung in der Region f\u00f6rdern &#8211; Denis Alt zum Vorsitzenden gew\u00e4hlt (Mittelmosel-Kurier vom 19.10.06) [&hellip;]<\/p>\n","protected":false},"author":1,"featured_media":0,"parent":0,"menu_order":0,"comment_status":"closed","ping_status":"closed","template":"","meta":[],"_links":{"self":[{"href":"http:\/\/www.fpb-nahe-hunsrueck.de\/index.php?rest_route=\/wp\/v2\/pages\/164"}],"collection":[{"href":"http:\/\/www.fpb-nahe-hunsrueck.de\/index.php?rest_route=\/wp\/v2\/pages"}],"about":[{"href":"http:\/\/www.fpb-nahe-hunsrueck.de\/index.php?rest_route=\/wp\/v2\/types\/page"}],"author":[{"embeddable":true,"href":"http:\/\/www.fpb-nahe-hunsrueck.de\/index.php?rest_route=\/wp\/v2\/users\/1"}],"replies":[{"embeddable":true,"href":"http:\/\/www.fpb-nahe-hunsrueck.de\/index.php?rest_route=%2Fwp%2Fv2%2Fcomments&post=164"}],"version-history":[{"count":12,"href":"http:\/\/www.fpb-nahe-hunsrueck.de\/index.php?rest_route=\/wp\/v2\/pages\/164\/revisions"}],"predecessor-version":[{"id":188,"href":"http:\/\/www.fpb-nahe-hunsrueck.de\/index.php?rest_route=\/wp\/v2\/pages\/164\/revisions\/188"}],"wp:attachment":[{"href":"http:\/\/www.fpb-nahe-hunsrueck.de\/index.php?rest_route=%2Fwp%2Fv2%2Fmedia&parent=164"}],"curies":[{"name":"wp","href":"https:\/\/api.w.org\/{rel}","templated":true}]}}

<h2>2007</h2>
<p><a title="Forum Politische Bildung Nahe-Hunsrück leistet aktive politische Bildungsarbeit" href="http://www.fpb-nahe-hunsrueck.de/?p=61">Forum Politische Bildung Nahe-Hunsrück leistet aktive politische Bildungsarbeit <em>(<em>Pressemitteilung vom 21.12.2007  , Bad Kreuznach)</em></em></a></p>
<p><a title="Für alle Parteien – Neuer Verein möchte politische Bildung fördern" href="http://www.fpb-nahe-hunsrueck.de/?p=88">Für alle Parteien &#8211; Neuer Verein möchte politische Bildung fördern <em>(Nahe-Zeitung, 07. September 2007)</em></a></p>
<h2>2006</h2>
<p><a title="Neues Forum will überparteilich sein" href="http://www.fpb-nahe-hunsrueck.de/?p=95">Neues Forum will überparteilich sein <em>(Nahe Zeitung vom 24.11.2006)</em></a></p>
<p><a title=" ”Forum” will politische Bildung in der Region fördern – Denis Alt zum Vorsitzenden gewählt" href="http://www.fpb-nahe-hunsrueck.de/?p=91">&#8222;Forum&#8220; will politische Bildung in der Region fördern &#8211; Denis Alt zum Vorsitzenden gewählt <em>(Mittelmosel-Kurier vom 19.10.06)</em></a></p>
<p>&nbsp;</p>
<p>&nbsp;</p>

<p>2007 Forum Politische Bildung Nahe-Hunsrück leistet aktive politische Bildungsarbeit (Pressemitteilung vom 21.12.2007  , Bad Kreuznach) Für alle Parteien &#8211; Neuer Verein möchte politische Bildung fördern (Nahe-Zeitung, 07. September 2007) 2006 Neues Forum will überparteilich sein (Nahe Zeitung vom 24.11.2006) &#8222;Forum&#8220; will politische Bildung in der Region fördern &#8211; Denis Alt zum Vorsitzenden gewählt (Mittelmosel-Kurier vom 19.10.06) [&hellip;]</p>
